ded by (-46)/(-4)*(5 + -3).
21
Calculate the remainder when 55 is divided by (-1)/(0 - 1) - 26/(-2).
13
Suppose 4*n + 20 = 0, -3*n + n - 12 = 2*q. Suppose 4*p - 10 = -p. What is the remainder when 21 is divided by ((-44)/8)/(q/p)?
10
Let m = -3 + 7. Suppose -22 = -i - 0*u - 5*u, -20 = -2*i - m*u. Suppose 5*c = 3*n - 7, -31 - 13 = -4*n - i*c. What is the remainder when n is divided by 5?
4
Let j(m) = -m**3 + 4*m**2 + 2*m - 4. Let k be j(4). Suppose -k*v = 4*z + 4 - 164, 4*v - 151 = -z. Calculate the remainder when v is divided by (-52)/6*(-27)/18.
11
Let h(o) = o + 8. Suppose d - 3*z + 11 = 0, z - 5 = 5*d + 22. What is the remainder when 11 is divided by h(d)?
2
Suppose t - 6*t + u - 5 = 0, 0 = -5*u + 25. Suppose 3*c + 30 = -t*c. Let v = c - -18. Calculate the remainder when 22 is divided by v.
6
What is the remainder when 26 is divided by (4 - 42/15)/(4/30)?
8
Suppose 4*k - 5*l = 44, -k - 2*l - 3*l = -11. What is the remainder when 19 is divided by k?
8
Suppose 3*o = -o - 220. Let n = 78 + o. What is the remainder when n is divided by 8?
7
Let d be 1/(-2) + 63/18. Suppose d*h - 4 = -5*f, -5*h + f + 44 = -0*f. Calculate the remainder when 15 is divided by h.
7
Let n(i) be the third derivative of i**4/24 - 2*i**3/3 + 4*i**2. Let y be 1/(3/(-18)*-1). What is the remainder when 7 is divided by n(y)?
1
Let p(a) = a**2 - a + 27. Let r(s) = s - 1. Let h be r(0). What is the remainder when p(0) is divided by 5/h + 2 + 18?
12
Suppose 5*c = -0 + 10. Suppose -v + 3 = c*v. Calculate the remainder when 1 - (v + -40)*1 is divided by 14.
12
What is the remainder when (-262)/(-8) - 3/(-12) is divided by 9?
6
Let v(x) = -x - 10. Let c be v(-5). Let r = c + 5. Suppose -21 = -3*g - r. Calculate the remainder when 19 is divided by g.
5
Let z(w) = -5*w**2 + 38*w + 5. Let m(l) = 3*l**2 + 1 - 2 - 25*l - 3 + 1. Let r(i) = 8*m(i) + 5*z(i). Calculate the remainder when 50 is divided by r(-8).
16
Let d(n) = 4*n**2 - 5*n + 5. Let w be d(2). Suppose 25 = 4*y - w. Calculate the remainder when 26 is divided by y.
8
Calculate the remainder when 157 is divided by 8/(-16) + 146/4 - -4.
37
Let g = -2 + 2. Let h(a) = -a + 4. Let o be h(g). Suppose o*k + 1 - 53 = 0. What is the remainder when k is divided by 7?
6
Let c(x) = 5*x**3. Let l be c(1). Suppose l*k - 129 = -p, -k - 3*p = 2*p - 45. What is the remainder when 73 is divided by k?
23
Let d = 24 - 15. Suppose 0*y - 2*y = -4*x + 104, -5*y = 10. Calculate the remainder when x is divided by d.
7
Let z(o) = o**2 + 6*o. Let u be z(-9). Let v(b) = -b**2 - 6*b + 2. Let y be v(-6). Let j = u - y. What is the remainder when j is divided by 13?
12
Let t(w) = w**3 + w**2 + w + 71. Calculate the remainder when t(0) is divided by 24.
23
Let b = 4 + 1. Calculate the remainder when (-8)/48 - (-86)/12 is divided by b.
2
What is the remainder when 12/(-66) - 959/(-11) is divided by 22?
21
Let r(u) = -u + 4. Let k be r(0). What is the remainder when 15/k - 1/(-4) is divided by 4?
0
Let u = 2 + 27. What is the remainder when u is divided by 8?
5
Let m(y) = -y**3 + 5*y**2 - 5*y + 2. Let g be m(4). Let i be -2 - 9/(1 - g). Let z(t) = -4*t - 1. What is the remainder when 36 is divided by z(i)?
17
Suppose -5*h + 4*h + 29 = 2*q, 0 = 4*q + 4*h - 68. Calculate the remainder when 21 is divided by q.
9
Let t = -1 + 3. Suppose -q = -3*u + 6 + 8, 2 = 4*u + t*q. What is the remainder when 4 is divided by u?
1
Let q(x) = -x**2 - 2. Let i be q(0). Calculate the remainder when (-126)/(-2)*(-2)/i is divided by 22.
19
Let h = 59 - 42. Suppose 0 = -3*o + 5*o - 8. Calculate the remainder when h is divided by (10/o)/(25/60).
5
Suppose 2*v + 10 = 4*v. Let g(z) = -8*z - 8. Let d be g(-6). Suppose -i = -v*i + d. What is the remainder when i is divided by 6?
4
Suppose 0 = 11*g - 13*g + 76. What is the remainder when g is divided by 20?
18
Suppose -37 = -5*n + 3*b, -2*n - b = -5*b - 26. Suppose 0*y - 4*y = -16. Calculate the remainder when n is divided by y.
1
Suppose 0 = p - 5*m - 21, 3*p - 7*p + 5*m = -129. Suppose 0 = f - 4*f + p. What is the remainder when 23 is divided by f?
11
Suppose h - 4*q = 6*h - 45, 4*h + q = 25. Calculate the remainder when 6 is divided by h.
1
Let f be 4/(-10)*(1 + 4). Let x = f + 5. Suppose -2*h - 3*h + 125 = -3*q, -5*q - x = h. What is the remainder when h is divided by 12?
10
Suppose -o + 5 = 4*o, 4*r = 2*o - 22. Let c(p) = p**3 + 7*p**2 + 4*p - 7. What is the remainder when 44 is divided by c(r)?
21
Let l = 17 - 7. Calculate the remainder when l is divided by 4.
2
Suppose -3*k + 54 = 3*s, -4*k - 3*s = -38 - 36. Suppose j + 0*j = 39. Calculate the remainder when j is divided by k.
19
Let j = 35 + -58. Let r = 45 + j. What is the remainder when 41 is divided by r?
19
Let w = -77 - -112. Calculate the remainder when w is divided by 12.
11
Suppose 0*f - 3*f = 2*o - 517, -2*f = 4*o - 350. Calculate the remainder when f is divided by 29.
26
Suppose 132 = 4*a + 2*c, 3*a + c + 27 = 4*a. What is the remainder when a is divided by 11?
9
Suppose -28 - 22 = 5*v. What is the remainder when 29 is divided by (3 - v - 3) + -2?
5
Suppose 4*m = -0 - 12, 0 = 3*d + 3*m - 3. What is the remainder when 5 is divided by d?
1
Let u be 60/25 + 4/(-10). Let o be (u + -1)*-1*-2. What is the remainder when 10 is divided by o/((-4)/6 + 1)?
4
Suppose 4*y = -h - 87, -2*h = 4*y + y + 111. Let m = y - -38. What is the remainder when m is divided by 9?
8
Suppose 5*x - x - 100 = 0. Let r = -14 - -28. What is the remainder when x is divided by r?
11
Let h(g) be the second derivative of -5*g**3/6 + 4*g**2 - g. Let v be h(6). Let s = -8 - v. What is the remainder when s is divided by 8?
6
Let f = 10 + -7. What is the remainder when f is divided by 2?
1
Let f(d) = -d**3 - 7*d**2 + d - 1. Let x be f(-7). Let p(b) = b**3 + 9*b**2 + 5*b - 7. What is the remainder when p(x) is divided by 6?
5
Suppose 0 = -3*s - 6, j + 2*s = -s - 176. Let d = j + 330. Suppose d = -c + 6*c. What is the remainder when c is divided by 17?
15
Let q(f) = f. Let u(p) = -p**2 + 3*p - 4. Suppose -3 = 4*d + 1. Let c(n) = d*u(n) - 4*q(n). What is the remainder when 23 is divided by c(8)?
11
Let c(b) = b**2 - 2*b + 33. Calculate the remainder when c(0) is divided by 7.
5
Let y = 5 + 2. Calculate the remainder when 20 is divided by y.
6
Let h(y) = -y + 14. Let a = 0 - -1. Let q = 7 - a. What is the remainder when 14 is divided by h(q)?
6
Let r(g) = 38*g + 1. Suppose -3*s = 5*z - 18, -7 = -2*s - 2*z + 1. Suppose 2*a = 12 + 30. What is the remainder when r(s) is divided by a?
18
Let o = 119 - 20. Calculate the remainder when o is divided by 25.
24
Let j = 25 - 9. Suppose 2*y - 112 = 6*c - c, 16 = -4*y. Let b = c - -53. What is the remainder when b is divided by j?
13
Suppose 2*i + 96 = 4*m, -3*i - 20 = 2*i. Let p be (54/12)/((-1)/(-8)). Let t = p + 7. Calculate the remainder when t is divided by m.
21
Let j = 7 - 5. Suppose 3*h - j = 10. Calculate the remainder when h is divided by 3.
1
Let s be (-2 + 0)/2 - -11. Let n = 1 + s. What is the remainder when 43 is divided by n?
10
Let v(j) = j**2 - 3*j - 1. Let s be v(2). Calculate the remainder when 14 - (3 + s + -3) is divided by 9.
8
Suppose 0 = l + 4*l - 170. Calculate the remainder when l is divided by 9.
7
Let m be 10/1*(-2)/2. What is the remainder when 29 is divided by ((-12)/m)/((-6)/(-75))?
14
Suppose 4*n = 3*u + 32, -3*n + 3 = -4*u - 14. Suppose 5*w + 0*w = 4*p - 41, -p + n = -w. Calculate the remainder when 27 is divided by p.
13
Calculate the remainder when 46 is divided by (-7 - -3)/(1/(5/(-2))).
6
Let j be (1 + 1)/(4 - 2). Suppose t - 7 = -z, -j = -z + 2*t - 0. Suppose -4*q = -2*l - 35 + 1, 0 = -z*l - 5. Calculate the remainder when 15 is divided by q.
7
Suppose 51 = 5*v + 11. Suppose -3*n = -v*n + 10. Calculate the remainder when 10 is divided by (n/(-4) - 1)*-4.
4
Let s = 4 + -1. Suppose f = -s*f + 12. Let j(i) = -i**3 - 3*i**2 - 4*i - 2. Calculate the remainder when f is divided by j(-2).
1
Let u = -41 - -65. Calculate the remainder when u is divided by 13.
11
Let j(x) = 2*x**2 + 5*x + 6. Calculate the remainder when 17 is divided by j(-3).
8
Suppose 2*x = -35 + 51. What is the remainder when 39 is divided by x?
7
Let o = -12 - -24. Let l = -66 - -46. Calculate the remainder when o is divided by (-58)/(-8) - (-5)/l.
5
Suppose 3*m = -m - 4. 